f - 38 = -2*n - 2*n. What is the tens digit of f?
1
Let g = 23 - 21. What is the units digit of g?
2
Let b be 3/(2/(-8) - -1). Let y = 5 - b. What is the units digit of (-120)/(-9) - y/3?
3
Let m(s) = 2*s**3 + 26*s**2 - 4*s - 21. What is the units digit of m(-12)?
5
Let a be (5 - 4)/(-1 + 2). Let i(n) = a + 0 - 2*n + 1. What is the units digit of i(-2)?
6
Let r(n) be the third derivative of 25*n**4/24 - n**3/6 + n**2. Let v be r(1). Suppose -4*f - 4*m = 0, 0*f - 2*f + 4*m = -v. What is the units digit of f?
4
Suppose -2*t - 31 = -5*s, -3*s - 4*t + 5 - 2 = 0. Suppose -s*l + a = -66, 0*l + 3*a - 49 = -4*l. What is the units digit of l?
3
Let g(b) be the first derivative of 11*b**3/3 - b**2/2 - 2*b + 2. What is the tens digit of g(2)?
4
Let d(o) = o - 1. Let f be d(1). Suppose -y + 3 = -f*y. Suppose -p = -g + 6, g + 8*p = y*p + 24. What is the units digit of g?
9
Let b(n) = n**2 + 8*n - 11. What is the units digit of b(3)?
2
Let p(i) = -i**3 + i**2 + i + 23. What is the tens digit of p(0)?
2
Let b = 1 + 0. Let o(y) = 22*y**3 - y**2 + 1. Let j be o(b). What is the tens digit of 290/j + 10/(-55)?
1
Let u = 8 + 201. What is the units digit of u?
9
Let j = -7 + 4. Let l be -23 - (0 + j - 0). What is the units digit of (l/16)/((-1)/4)?
5
Suppose -1272 = -8*t + 5*t. What is the units digit of t?
4
Let r(d) = d**2 - 4. Let a(n) = -n**2 + 9*n - 5. Let h be a(9). What is the units digit of r(h)?
1
Suppose 0 = -2*x + 4*r + 6, -13 = -4*r + 7. Suppose x*s - 55 = 8*s. What is the tens digit of s?
1
Suppose t = 2*t. Let z = -4 - t. Let w = 11 + z. What is the units digit of w?
7
Let n(k) = k - 9. Let q be n(7). Let b = 6 - q. What is the units digit of b?
8
Suppose -20 = -5*l, -4*l + 36 = p + p. Let y(b) = -b**3 + 9*b**2 + 10*b + 12. What is the units digit of y(p)?
2
Suppose -6 = 2*u - 46. Suppose -3*j - j = -2*o + u, 2*j + 4*o = -20. Let m(w) = w**2 + 4*w - 7. What is the units digit of m(j)?
5
Let g(q) = q**3 + 8*q**2 + q + 8. Let a be 1*0/3 + -8. Let d be g(a). Suppose d*c + 3*c - 45 = 0. What is the units digit of c?
5
Suppose -2*t + 88 = 6*t. What is the units digit of t?
1
Let h = -21 + 31. Suppose -5*a = h + 50. What is the units digit of a/14*(-10 - -3)?
6
Suppose -5*y + y = -c + 86, 3*c - 267 = 3*y. What is the units digit of c?
0
Suppose z - 9 = 1. What is the tens digit of (-952)/(-35) + (-2)/z?
2
Suppose -5*f = 4*t - 36, f + 4*t - 32 = -3*f. Suppose -2*k + 11*k = 36. Suppose -o + k + f = 0. What is the units digit of o?
8
Let o(u) = -u**3 - 6*u**2 + 11*u - 1. Let w be o(-8). Suppose -w = -5*p + 81. What is the units digit of p?
4
Suppose 0 = 6*p - 249 - 183. What is the tens digit of p?
7
What is the units digit of 4/(-16) - (-99)/12?
8
Let f = 110 - 89. What is the units digit of f?
1
Let c(k) = k**2 - 3*k - 2. Let o be (-79)/(-9) + (-12)/(-54). What is the units digit of c(o)?
2
Let u be (1 - (2 + -1)) + -5. Let c be (-3)/12 - (-27)/12. Let i = c - u. What is the units digit of i?
7
What is the tens digit of (3 - (-16)/(-12))/(-1)*-93?
5
What is the tens digit of 2*-2*203/(-14)?
5
Let v = 66 - 29. What is the units digit of v?
7
Suppose -714 = -3*g - o, g - 6*g = -4*o - 1190. What is the units digit of g?
8
Let r(i) = -i - 11. Suppose -18 = -2*m + 5*m. Let s be r(m). Let y = 10 + s. What is the units digit of y?
5
Let r(p) be the third derivative of p**4/8 - p**3/3 + 6*p**2. What is the units digit of r(6)?
6
Let q(i) = i**3 + 8*i**2 + 2*i + 5. What is the tens digit of q(-6)?
6
Suppose 3*z = 6*z - 33. Suppose -5 = 3*i + 3*m - 50, -m - z = -i. Let d = i + 3. What is the tens digit of d?
1
Let q = -7 - -15. What is the units digit of q?
8
Let w(o) = -o**2 + 34*o - 10. What is the units digit of w(18)?
8
Let v(x) = -50*x - 55. What is the hundreds digit of v(-7)?
2
Let y = 35 - 50. What is the units digit of (81/y)/((-1)/5)?
7
Let j(r) = r + 1. Let f(b) = 10*b + 9. Let h(q) = f(q) - 6*j(q). What is the tens digit of h(5)?
2
Suppose 2*t - 14 = -0*t + 2*s, -2*t = -4*s - 22. Suppose t*q = -q. Suppose -5*v - 4*j + 42 + 20 = 0, q = -3*v + j + 27. What is the units digit of v?
0
Suppose -6*h + 3*h = -2*j - 7, -4*j = 2*h - 26. Suppose -25 = -5*p, h*p = 3*v - v - 13. What is the tens digit of v?
1
Let p(n) = 2*n**3 - 6*n**2 + 3*n - 4. Let q be p(4). Let d = 60 - q. What is the units digit of d?
0
Suppose 0 = 7*o - 11*o + 360. What is the units digit of o?
0
Suppose 0*b + 53 = -2*q - 5*b, 3*q + 47 = -b. Let u = -22 + -3. Let z = q - u. What is the units digit of z?
1
Suppose -9*s + 890 = -703. What is the hundreds digit of s?
1
Suppose -2*y - 3*r = 9, 0*r = 5*y + 3*r. Suppose -c + 16 = 4*a - 0*a, 0 = -4*c + y*a + 26. What is the units digit of c?
8
Let j = 4 + 26. What is the tens digit of j?
3
Suppose 0 = -2*q - 2*q. Suppose -5*t = -q*t. What is the units digit of 1 + t - -1 - 0?
2
What is the units digit of 1/5 - 164/(-5)?
3
Suppose -46 = -j + 3*b + b, 3*j + 3*b = 183. What is the units digit of j?
8
Let q(m) = -m - 5. Let i be q(-5). Suppose i = -2*c + 27 + 9. What is the tens digit of c?
1
Suppose -d + 309 = 4*c - 0*c, 0 = -5*c + 4*d + 381. What is the units digit of c?
7
Let c be (10/3)/((-3)/(-9)). Suppose 2*z = -5*r + 20, 0*z + 2*z = c. What is the units digit of (r/3)/(5/15)?
2
What is the tens digit of (-1 - 0) + 1/(1/91)?
9
Suppose 2*w - 80 = 88. What is the units digit of w?
4
Suppose 168 = -12*n + 13*n. What is the units digit of n?
8
Suppose -6 = w - 4*w. Let b = -6 + 11. Suppose -b - 15 = -w*i. What is the tens digit of i?
1
Suppose 5*q - 6 = 6*q. What is the tens digit of 26/((-5)/(15/q))?
1
Suppose 3*d + 106 = 2*m, 0*m + 2*d - 180 = -4*m. What is the units digit of m?
7
Let m be 34/(-3 + 3 - 1). Let h = m - -69. What is the units digit of h?
5
Let a(d) = 2*d + 9. What is the units digit of a(7)?
3
Let d(o) = 4*o + 3. Let n(p) = 9*p + 6. Let k(a) = -7*d(a) + 3*n(a). What is the units digit of k(-7)?
4
Let l be 5/10 + (-1)/2. Suppose l*w = w - 2. Suppose 3*u + 10 = 2*y - 4, -y = 3*u + w. What is the units digit of y?
4
Let r(c) = -7*c + 21. What is the units digit of r(-7)?
0
Suppose 0 = -u + 2*u. Suppose z = -u*z. Suppose z = p - 4*p + 3. What is the units digit of p?
1
Suppose 6*h - 13 = 3*h + 5*z, -h = z + 9. What is the units digit of h/(-14) + (-645)/(-21)?
1
Suppose 80 = -11*o + 15*o. What is the tens digit of o?
2
Suppose 4*p = -0*p + 484. Suppose n + 28 - p = -5*s, 51 = 3*s - n. What is the tens digit of s - ((1 - 0) + 1)?
1
Let g be 1/3 + (-182)/6. Let w = 45 + g. Suppose -5 = -5*t + w. What is the units digit of t?
4
Let p be 2/(-4) + 28/8. Suppose 3*n - p*q - 24 = -0*n, -2*n + 18 = -3*q. What is the units digit of n?
6
Suppose z - 2*a - 71 = 0, -5*z + 290 = -0*z + 3*a. What is the tens digit of z?
6
Let k = 1 - -1. Suppose -k*p - 5 + 19 = 0. What is the units digit of p?
7
Suppose 0 = w + 5, 4*z = 2*w + 26. Let r be 2/4*z - -3. Suppose -r*y + 48 = -y. What is the units digit of y?
2
Suppose -j + 34 - 6 = 0. Let o = j + 20. What is the units digit of o?
8
Let r be (2/(-3))/((-4)/30). Suppose 5*b + x = 16, -2*b = -4*b + x + r. What is the units digit of b?
3
Let v(g) = -g**3 + 3*g**2 - 2. Suppose -4*f + 2*i + 14 = -2*f, -4 = i. Let b be v(f). Let o(u) = 2*u**2 - 2*u. What is the tens digit of o(b)?
1
Let y(u) = u + 3. Let j be y(3). Let p = 11 - j. What is the units digit of p?
5
Let d(q) = q**3 - 4*q**2 + 2*q - 3. Let m be d(4). Suppose 75 = 4*v - 5*x, 0 = -2*v - 0*x + m*x + 45. What is the tens digit of v?
1
Let y be 81/15 - (-4)/(-10). Suppose 0*m - 22 = -m + 2*q, m + y*q - 1 = 0. What is the tens digit of m?
1
Suppose -3*i = -4*i - 6. What is the units digit of (2*-1)/(i/3)?
1
Let g = -4 + 3. Let b(u) = -16*u**3 + u + 1. What is the tens digit of b(g)?
1
Let w be -2 + 1*(-1 + 3). Let m be w*(-1 + (-6)/(-4)). Suppose -4*y - n = -2*n - 33, m = y - n - 9. What is the units digit of y?
8
Suppose i = 5*o - 54, -5*o + 2*o = i - 26. What is the tens digit of o?
1
Let c(d) = -3*d**2 + 29*d + 8. Let z(k) = -2*k**2 + 19*k + 5. Let m(l) = -5*c(l) + 8*z(l). Let q be 4/(-10) - 64/(-10). What is the units digit of m(q)?
6
Let c = 6 + -12. Let j be (9/6)/(c/(-8)). Suppose -3*f + j*k = -17, -5*f = -4*k + 3*k - 19. What is the units digit of f?
3
Let z be ((1*-2)/(-1))/1. Let y be z/(-2 + 48/21). Let d = y + 3. What is the units digit of d?
